31. Determine n(3).
-19
Let c(u) = -445*u - 15598. What is c(-35)?
-23
Let s(u) = -16*u - 383. Determine s(-19).
-79
Let d(x) = 20*x**2 + 479*x - 32. Determine d(-24).
-8
Let q(c) = -c**2 - 71*c + 1493. What is q(-88)?
-3
Let b(j) = -7*j**2 - 327*j + 66. Give b(-47).
-28
Let n(d) = -4*d**2 - 2*d - 25. Give n(-7).
-207
Let j(c) = 2*c**3 + 9*c**2 - 12*c - 17. What is j(-6)?
-53
Let d(f) = 38*f + 288. What is d(-8)?
-16
Let o(l) = -7*l**2 - 93*l - 25. Determine o(-14).
-95
Let w(r) = 48*r - 1879. Give w(40).
41
Let t(g) = g**3 + 149*g**2 + 1648*g + 52. Determine t(-12).
4
Let o(b) = -2*b + 164. Determine o(-40).
244
Let q(v) = v**2 + 32*v - 1296. Give q(-58).
212
Let r(q) = q**3 - 2*q**2 - 7*q + 2. Give r(4).
6
Let y(u) = 6*u**2 - 105*u + 56. What is y(17)?
5
Let j(u) = -122*u - 817. Give j(-7).
37
Let j(m) = 15*m + 94. Calculate j(-7).
-11
Let h(u) = -4*u**2 + 42*u + 28. Calculate h(10).
48
Let i(p) = -2*p**3 + 30*p**2 - 16*p - 40. Calculate i(14).
128
Let j(f) = f**2 + 83*f - 2314. Give j(22).
-4
Let n(m) = -3*m**2 + 60*m - 249. Give n(14).
3
Let q(j) = -11*j**2 + 1103*j - 6478. Give q(94).
8
Let v(t) = -t**3 + t**2 + 3*t - 123. Calculate v(0).
-123
Let d(w) = -6*w**2 + 98*w + 84. Calculate d(17).
16
Let w(o) = -60*o - 164. Determine w(-3).
16
Let y(w) = -23*w - 115. Determine y(-12).
161
Let p(v) = v**3 - 12*v**2 - 42*v - 50. What is p(15)?
-5
Let y(v) = -13*v + 74. Calculate y(5).
9
Let c(f) = -262*f - 2878. Calculate c(-11).
4
Let q(p) = -3*p**2 - 92*p - 141. Give q(-29).
4
Let w(l) = -65*l**2 + 550*l + 25. Determine w(8).
265
Let l(r) = -16*r + 318. Calculate l(20).
-2
Let l(g) = 18*g**2 + 396*g - 54. Calculate l(-22).
-54
Let j(y) = -19*y**2 - 753*y + 214. Give j(-40).
-66
Let z(s) = s**3 + 50*s**2 - s + 108. Determine z(-50).
158
Let n(b) = b**3 + 11*b**2 + 2*b + 17. Give n(-11).
-5
Let k(z) = -27*z**2 + 43*z + 83. Determine k(-2).
-111
Let f(u) = u**3 + 10*u**2 - 8*u - 2. What is f(-8)?
190
Let u(g) = -21*g**3 - 5*g**2 - 3*g + 4. Calculate u(-2).
158
Let b(a) = -a**2 + 11*a + 153. Calculate b(19).
1
Let f(u) = -u**2 + 221*u - 7804. What is f(177)?
-16
Let t(b) = b**2 - 61*b - 75. What is t(62)?
-13
Let t(h) = 317*h - 25047. Calculate t(79).
-4
Let w(f) = 57*f**3 - 2*f + 1. Give w(1).
56
Let g(a) = -4*a**2 - 149*a + 609. Give g(4).
-51
Let b(c) = -c**3 - 44*c**2 + 94*c - 11. Give b(-46).
-103
Let w(m) = -m**2 + 95*m - 63. Determine w(94).
31
Let d(i) = i**2 + 93*i + 156. Calculate d(-101).
964
Let h(k) = -k**3 - 23*k**2 + 62*k + 313. Determine h(-25).
13
Let k(r) = -37*r + 913. Determine k(30).
-197
Let h(o) = -131*o + 1167. Give h(9).
-12
Let l(h) = h**3 + 9*h**2 + 25. Calculate l(-10).
-75
Let s(n) = n**3 + 6*n**2 - 187*n - 1051. Determine s(-14).
-1
Let t(k) = 2*k**3 + 32*k**2 + 41*k + 266. Calculate t(-15).
101
Let i(c) = 2*c**3 + 71*c**2 + 17*c + 1844. Give i(-36).
-64
Let k(g) = -17*g**2 - 7*g + 23. Determine k(3).
-151
Let g(s) = -4*s**3 - 116*s**2 + 110*s - 70. What is g(-30)?
230
Let s(i) = 3*i**3 + 2*i**2 - 193*i + 358. What is s(2)?
4
Let d(a) = -713*a**2 - 11*a - 13. Calculate d(-1).
-715
Let r(d) = 4*d**2 - 27*d + 102. Determine r(3).
57
Let t(k) = k**3 - 9*k**2 - 6*k - 17. Determine t(-4).
-201
Let q(w) = -2*w**3 + 39*w**2 - 39*w - 2. Calculate q(18).
268
Let x(f) = 2*f**2 - 37*f - 32. What is x(-6)?
262
Let m(b) = -486*b - 35961. What is m(-74)?
3
Let v(c) = 467*c + 11654. What is v(-25)?
-21
Let y(o) = 112*o - 691. Calculate y(5).
-131
Let d(p) = 4*p**3 - 29*p**2 + 7*p + 1. Give d(7).
1
Let z(t) = -t**3 + 7*t**2 + 6*t + 23. Give z(8).
7
Let c(f) = 4*f**2 - 22*f + 35. Give c(3).
5
Let r(t) = 412*t - 9058. Give r(22).
6
Let a(r) = -102*r + 1. Give a(1).
-101
Let o(h) = -h**3 + 36*h**2 + 268*h - 145. Give o(42).
527
Let n(j) = 218*j - 930. Determine n(4).
-58
Let p(l) = -16*l**3 - 241*l**2 - 18*l - 40. What is p(-15)?
5
Let k(p) = -2*p**2 + 346*p - 1327. Give k(169).
25
Let g(c) = -89*c**2 + 678*c + 276. Give g(8).
4
Let l(i) = i**3 + 73*i**2 - 168*i - 1388. Determine l(-75).
-38
Let w(a) = 42*a - 2472. What is w(59)?
6
Let x(h) = h**3 + 14*h**2 - 9*h + 363. Determine x(-16).
-5
Let y(d) = 13*d - 189. Determine y(26).
149
Let o(g) = -18*g**2 - 30*g + 29. Determine o(1).
-19
Let h(s) = 273*s - 1033. What is h(4)?
59
Let m(b) = -b**2 + 368*b - 28974. What is m(114)?
-18
Let k(j) = -8*j - 140. Determine k(-23).
44
Let p(r) = r**3 + 35*r**2 - 62*r + 446. Determine p(-37).
2
Let g(d) = -14*d + 460. Calculate g(40).
-100
Let p(t) = -113*t + 2367. Give p(21).
-6
Let c(x) = 2*x**2 - 18*x - 2478. Calculate c(40).
2
Let a(t) = t**2 + 5*t - 212. What is a(-17)?
-8
Let s(a) = 55*a**2 - 660*a + 3. Give s(12).
3
Let i(u) = u**3 - 5*u**2 + 6*u + 15. Determine i(5).
45
Let z(y) = -y**3 + 46*y**2 + 378*y - 29. Determine z(53).
342
Let t(y) = -88*y**2 - 23320*y - 18. Determine t(-265).
-18
Let n(t) = -86*t + 704. What is n(8)?
16
Let n(b) = 36*b**2 - 21*b - 34. Determine n(-3).
353
Let u(k) = k**3 + 10*k**2 + 32*k + 208. Calculate u(-9).
1
Let d(n) = -3*n**2 - 14*n + 29. Determine d(-8).
-51
Let s(o) = -o**2 - 66*o + 65. Calculate s(1).
-2
Let j(f) = -f**2 - 173*f - 6139. Calculate j(-50).
11
Let y(o) = -81*o - 583. Determine y(-7).
-16
Let v(z) = -4*z**3 + 8*z**2 - 15*z + 74. Calculate v(4).
-114
Let n(m) = m**2 - 16*m - 173. Calculate n(28).
163
Let l(r) = -165*r - 10376. Calculate l(-63).
19
Let r(y) = -23*y - 22. What is r(-2)?
24
Let v(j) = 2*j**3 - 63*j**2 + 41*j - 141. What is v(31)?
169
Let f(d) = -d**3 + 25*d**2 - 100*d + 7. What is f(20)?
7
Let v(d) = -d**2 - 50*d + 130. Calculate v(-52).
26
Let j(m) = -m**2 + 117*m + 3214. What is j(140)?
-6
Let t(x) = -6*x**2 + 51. Give t(-3).
-3
Let y(n) = 46*n - 5018. Determine y(109).
-4
Let r(m) = 329*m + 92442. Calculate r(-281).
-7
Let b(g) = -5094*g + 76420. What is b(15)?
10
Let n(x) = -279*x + 1147. Determine n(4).
31
Let t(l) = -l**3 - 16*l**2 - 9*l + 36. Calculate t(-14).
-230
Let s(c) = c**2 + 9*c + 117. Give s(0).
117
Let a(y) = -y**2 - 132*y - 3929. What is a(-87)?
-14
Let f(p) = -2*p**3 - 7*p**2 + 4*p + 6. What is f(5)?
-399
Let d(a) = -a**2 - 4860*a + 29191. Give d(6).
-5
Let i(u) = -65*u - 81. Determine i(-6).
309
Let g(h) = -4*h**2 + 22*h - 48. Give g(12).
-360
Let z(d) = 15*d**2 + 258*d + 11. What is z(-17)?
-40
Let h(s) = s**3 + 27*s**2 + 174*s - 125. Calculate h(-14).
-13
Let a(k) = -69*k**2 - 17. Calculate a(-1).
-86
Let o(f) = f**2 + 19*f + 81. Calculate o(-12).
-3
Let m(d) = -1105*d - 55277. Determine m(-50).
-27
Let h(w) = -30*w**2 + 10*w + 2. Determine h(2).
-98
Let q(t) = t**3 + 92*t**2 - 188*t + 9. Calculate q(-94).
9
Let a(h) = 6*h**2 - 53*h + 17. Calculate a(9).
26
Let d(r) = -r**3 + 20*r**2 - 24*r + 29. Calculate d(18).
245
Let f(x) = -163*x**3 + 4*x**2 - 3*x - 1. Calculate f(1).
-163
Let n(v) = -73*v - 15. What is n(1)?
-88
Let k(n) = -3*n**2 + 82*n + 600. Determine k(33).
39
Let j(b) = 2*b**2 + 14*b - 149. What is j(-13)?
7
Let q(s) = 69*s - 1069. Give q(15).
-34
Let l(i) = -i**2 - 7*i - 105. What is l(-17)?
-275
Let i(x) = x**3 + 25*x**2 + 79*x - 2. What is i(-4)?
18
Let k(u) = -14*u - 1571. Calculate k(-112).
-3
Let t(v) = -34*v**3 - 2653*v**2 - 76*v + 150. Determine t(-78).
-6
Let t(o) = 35*o + 547. Determine t(-16).
-13
Let g(j) = -1289*j - 21911. What is g(-17)?
2
Let h(s) = 3*s**2 - 62*s + 87. What is h(19)?
-8
Let w(o) = -114*o + 5917. Calculate w(52).
-11
Let s(r) = 10*r - 87. What is s(9)?
3
Let p(j) = 84*j + 2717. What is p(-32)?
29
Let z(h) = -h**2 + 90*h + 2784. Determine z(-24).
48
Let l(a) = -4*a**2 - 175*a - 345. What is l(-2)?
-11
Let z(v) = v**2 + 47*v + 561. What is z(-27)?
21
Let x(g) = -629*g + 1914. Calculate x(3).
27
Let a(z) = -27*z + 110. What is a(15)?
-295
Let d(z) = -z**2 - 108*z - 1721. Calculate d(-19).
-30
Let s(g) = -9*g**2 + 23*g - 116. Give s(6).
-302
Let l(g) = -18*g**2 + 318*g + 17. Calculate l(18).
-91
Let m(z) = 3*z**2 + 53*z - 35. Determine m(-6).
-245
Let a(d) = -51*d - 455. Determine a(-9).
4
Let o(b) = 22*b + 595. What is o(-24)?
67
Let b(t) = 38*t - 263. What is b(6)?
-35
Let s(l) = l**3 + 16*l**2 + 52*l - 18. Give s(-11).
15
Let z(w) = 77*w + 2625. Give z(-32).
161
Let i(s) = -s**3 + 8*s**2 + 101*s - 579. What is i(5)?
1
Let l(d) = -587*d - 4025. Determine l(-7).
84
Let g(s) = -23*s**3 - 2*s**2 + 25*s - 22. Calculate g